10. Let z be l(6). What is the units digit of (-1 - z) + 4 + -2?
5
Let f = 98 + 110. What is the units digit of f?
8
What is the units digit of ((-3)/(-1) + -38)/(-1)?
5
Let v be 1/5 + 34/5. Let j = 26 - v. What is the units digit of j?
9
Let w(z) = 7*z - 10. Let l be w(8). Suppose -2*q + 4*q = -l. Let k = -6 - q. What is the units digit of k?
7
Let r = -10 - -15. Suppose 0 = o - 2*v + 1, v + r = 4*o - 4*v. What is the units digit of o?
5
Let l(g) = -g. Suppose -3*c = -2*u - 0*c - 9, -3 = -2*u - c. Let m be (-1)/1 - (u + 2). What is the units digit of l(m)?
3
Suppose 5*b = 5*m, -m - 2*m = 2*b. Suppose 5*g = 8*g - 18. Let u = g + m. What is the units digit of u?
6
Suppose -4*o - 32 = -3*i, 2*o + 10 + 6 = 3*i. Let d(r) = -r**2 - 7*r**2 + 11 - 4 - r**3. What is the units digit of d(o)?
7
Suppose -5*l - 3 = 2. Let d = 3 + l. Suppose 5*n + d = 42. What is the units digit of n?
8
Let x(d) be the third derivative of -d**5/60 - d**4/24 + d**2. Let f be x(-1). Suppose 4*v + 1 = 21, f = 2*j + 4*v - 28. What is the units digit of j?
4
Suppose 5 = 4*h + h. What is the units digit of h - (-4 + 0/(-4))?
5
Let b = -18 + 10. Let y be (-24)/8*b/6. Suppose y*k + 6*u = u + 42, 20 = 3*k - 2*u. What is the units digit of k?
8
Let y(z) = -2*z + 1. Let b be y(-1). Suppose 51 = b*a - 18. Suppose -3*g + a = -19. What is the tens digit of g?
1
Suppose 6*h - 164 = 286. What is the tens digit of h?
7
Let s(h) = -h**2 + 10*h - 5. Suppose -4*f - 4*b = -32 + 8, 48 = 4*f - 4*b. What is the units digit of s(f)?
4
What is the units digit of 3 + (0 + 3 - 0)?
6
Suppose -2*r + 110 = c, 3*r - 4*r - 2*c = -52. What is the tens digit of r?
5
Suppose 3*r = -5*h - 8, 0*r - 2*r - 12 = 5*h. Suppose 0*j = r*j - 40. What is the tens digit of j?
1
Let u(n) = 55*n**2 - 5*n - 6. What is the hundreds digit of u(-2)?
2
What is the tens digit of ((0 + 1)/(-2))/((-4)/400)?
5
Suppose 111 = 5*x + 26. Let k(d) = d**3 + 3*d**2 - 3*d - 4. Let f be k(-4). Let p = f + x. What is the units digit of p?
9
Let u be ((-3)/6)/((-1)/(-10)). What is the tens digit of u/1*-2 - -1?
1
Let h = 28 - 44. Let l be (-1)/(34/h + 2). Let y = -2 + l. What is the units digit of y?
6
Let n(y) = y**2 - y + 4. Let q be n(0). Suppose -5*a = -3*x - 19 - 23, -2*a - q*x = -22. What is the units digit of a?
9
Let g = 12 + -5. What is the units digit of g?
7
Let m be 40/(-2)*18/15. What is the units digit of (9/(-9))/(1/m)?
4
What is the units digit of 13 + (-1)/(-4)*0?
3
Let d = -74 - -218. What is the tens digit of d?
4
Let o be 4 + -2*(-3)/6. Suppose 0 = -o*a - 0*a - 2*g - 55, a + 5*g = 12. Let k = -7 - a. What is the units digit of k?
6
Suppose 0 = 5*z - 211 - 264. What is the units digit of z?
5
Let u = 1 - -7. What is the units digit of u?
8
Let o be (-2*1 - -9)*1. Suppose f = 3*y, 2*f - y + 2*y = o. Suppose 2*h = 21 - f. What is the units digit of h?
9
Suppose 23 - 7 = 2*a. What is the units digit of 2/a - (-62)/8?
8
Suppose -6*q + q + 130 = 0. What is the units digit of 1/(-2 - q/(-12))?
6
Suppose -3*z - 300 = -1464. What is the hundreds digit of z?
3
Let p be 10/8*-2*-2. Let b(y) = -y**3 - y**2 - y + 3. Let c be b(0). Suppose 2*q = c*q - p. What is the units digit of q?
5
Let r(t) be the second derivative of 5*t**3/6 - t**2/2 + 2*t. Let x be r(1). Suppose x*j + 3*a - 29 = 0, j - 3*a - 1 + 5 = 0. What is the units digit of j?
5
Let o = -35 - -24. Let u(m) = -m + 9. What is the units digit of u(o)?
0
Suppose 0 = 6*h - 11*h + 15. What is the units digit of h/(-1 - 69/(-60))?
0
Suppose 0 = -0*g - 2*g + 208. What is the tens digit of g?
0
What is the units digit of (-8464)/(-112) + 8/(-14) + 0?
5
Let c(x) = x**3 + 4*x**2 - x - 2. Let m(y) = -y - 14. Let q be m(-10). Let p be c(q). Suppose -n - p*n = -24. What is the units digit of n?
8
Let c(o) = 7*o - 4. Let v(l) = -2*l + 1. Let p(s) = -2*c(s) - 9*v(s). What is the units digit of p(3)?
1
Let x(l) = 2*l**2 - 5*l - 4. Let m be x(4). Let y(o) = m + 0*o**2 - 5 - 8*o - o**2. What is the units digit of y(-8)?
3
Suppose l = -3*l + o + 111, -2*l + 42 = 4*o. Let d = 12 - l. Let k = -7 - d. What is the units digit of k?
8
Let y be (-7)/(-2) - (-2)/4. Suppose 0 = n - y*r - 91, 0 = -3*r - 6. Suppose 5*g = -3*t - 16 + n, 3*t + g - 47 = 0. What is the units digit of t?
4
Let b = -69 + 170. What is the units digit of b?
1
Suppose 6*f - 2*f - i - 246 = 0, 4*f - 4*i - 240 = 0. What is the tens digit of f?
6
What is the tens digit of (2/4)/((-11)/(-1606))?
7
What is the tens digit of (6/12)/((-3)/(-606))?
0
Suppose 2*t + 24 = -2*o - 0*t, -3*t - 9 = 0. Let v be (-6)/o + 2/(-3). What is the units digit of 2*(v + 2/4)?
1
Let m = 41 - -6. What is the tens digit of m?
4
Let x = 25 + 2. Suppose 3*a = 3*p - 24, -3*p + a + a = -x. What is the units digit of p?
1
Let c = 64 + -36. Suppose -4*t + m + 83 = -9*t, 2*t + 4*m = -44. Let k = c + t. What is the tens digit of k?
1
Let d be (1 + (-3)/(-3))/1. Suppose -d*a + 1 = 5. Let n(f) = -2*f**3 - 4*f**2 - 4*f - 3. What is the units digit of n(a)?
5
Let d(f) = 9*f + 10. Let u be d(-10). Let g = -24 - u. Suppose -10 = -2*h - 4*r, 3*r + 8 + g = 4*h. What is the units digit of h?
3
Let l = 23 + -12. Suppose -4*v - 3*q + 39 = 0, -v + q = 2*q - l. What is the units digit of v?
6
Suppose 0*v + 6 = -3*v. Let k be ((-2)/(-4))/(v/(-4)). What is the tens digit of (-3 - k)*(-3 - 0)?
1
Suppose -5*y - 5*f = -11 - 49, 3 = -f. What is the units digit of y?
5
Let g(q) = -4*q**3 - 2*q**2 - q. What is the units digit of g(-1)?
3
Suppose 8*x - 3*x - 18 = 4*y, 2*y + 12 = 4*x. Let a be (y + -1)*(-3)/3. Suppose 2*c - 29 = -a. What is the tens digit of c?
1
Let i(u) = 3*u**2 - 10*u - 16. What is the units digit of i(-4)?
2
Let s be 3*51 + (2 - 0). Let k = s + -108. What is the units digit of (-3)/(-5) + k/5?
0
Suppose g = -2*g + 51. What is the tens digit of g?
1
Let d(b) = b**3 - 5*b**2 + 5*b + 2. Let v be d(4). Let u(k) = -6*k + 3 + k**2 + 1 - 1 + 0*k**2. What is the units digit of u(v)?
3
Let w be 33/9 - 8/12. Suppose -35 = -w*c + 2*v, 20 = -2*c + 5*c - 5*v. What is the tens digit of c?
1
Suppose 2*k = 18 + 12. What is the tens digit of k?
1
Let c = 3 - 3. Let y = 3 + c. Suppose w - y = 1, -5*w = h - 26. What is the units digit of h?
6
Suppose 0 = -k + 3*u + 165, k - 519 = -2*k + 3*u. Suppose 0 = -5*o - 4*i + 198, 4*o - 3*i = k. What is the units digit of o?
2
Let o = 6 - 6. Suppose 2*d - 2 + 0 = o. What is the units digit of d?
1
Let y be -3 + (-14 - -2)/(-2). Let d(g) = g + 2 + 2*g**2 - y + g. What is the units digit of d(2)?
1
Let j be (45/25)/((-9)/(-30)). Suppose 4*q - 8*q + 102 = 5*t, t - 6 = 4*q. Suppose 3*i + j = t. What is the units digit of i?
4
Suppose 0 = -l - 0 + 2. Suppose -l*w - b = 25, -2*w = -6*w - 4*b - 48. Let r = w + 20. What is the units digit of r?
7
Suppose -4*c - 5*q + 155 = 61, q = 5*c - 103. What is the units digit of c?
1
Let b = -10 - -16. Let x(w) = -w**2 + 5*w - 9. Let h be x(b). What is the units digit of 5*((-36)/h - 2)?
2
Suppose 2*p = 6*p. Suppose p = 5*y + u - 48, u + 2 - 23 = -2*y. What is the units digit of y?
9
Suppose 0*s + 44 = 2*s. Let v = 39 - s. What is the units digit of v?
7
What is the units digit of (-15)/(-45) + 143/3?
8
Suppose 5*r - r - 16 = 0. Suppose -a - a = -r. What is the units digit of a?
2
Suppose -563 = -4*f + 3*j + 39, 2*f + 3*j = 310. What is the hundreds digit of f?
1
Let v = -12 - -25. Let j(g) = g + 12. What is the units digit of j(v)?
5
Let j be 136/56 + (-3)/7. What is the tens digit of 14 + j/1 + 1?
1
Suppose 4*d - 13 = 3. Suppose -119 = -4*s + 3*z + 2*z, -4*s + 4*z + 116 = 0. Suppose -a + s = -5*l, -49 = -d*a + l + 17. What is the tens digit of a?
1
Suppose -3*b = -4*g - 29, 3*b - 5*g = -0*b + 25. Suppose 3*c - 6 = b. What is the units digit of c?
7
Suppose 4*m + m - 260 = 0. Suppose 0 = -5*u + 18 + m. What is the units digit of u?
4
Suppose -3*c = v - 6*c - 270, 0 = 2*v - 4*c - 550. What is the hundreds digit of v?
2
Suppose 0 = -4*c - c + 640. Suppose -34 = -a + 4*q, q + c = 5*a + 2*q. Suppose -v - a = -3*v. What is the tens digit of v?
1
Suppose -3*g + 153 = 2*f + 1, -4*f - g = -324. What is the tens digit of f?
8
Suppose 242 = 2*a - 4*f, 60 + 212 = 2*a + 2*f. What is the units digit of a?
1
Let f(o) = o**3 - 5*o**2 + 15*o - 9. What is the hundreds digit of f(7)?
1
Let m be -4*3/(-9)*3. Let h = -3 + m. W